0. What is j(-11)?
-70
Let o(q) = q**2 - 21*q. Determine o(21).
0
Let b(w) = -w**3 + 3*w + 2. What is b(-2)?
4
Let u(f) = 2*f - 18. Determine u(10).
2
Let r(b) = -b**2 - 14*b + 17. What is r(-13)?
30
Let p(j) = 2*j**2 - 8*j - 6. Determine p(-4).
58
Let t(p) = -p**3 - 3*p**2 - p + 2. Calculate t(-3).
5
Let p(w) = 42*w**3 - w**2 - w. Give p(-1).
-42
Let n(m) = m**2 + 13*m + 1. Calculate n(-13).
1
Let a(q) = q**2 + 14*q - 6. Determine a(-10).
-46
Let d(w) = -w**2 + 18*w - 24. Give d(7).
53
Let s(c) = c - 7. Give s(0).
-7
Let w(v) = v**2 - 9*v - 3. Give w(6).
-21
Let v(n) = -n**3 + 12*n**2 + 11*n + 17. What is v(13)?
-9
Let w(f) = f**2 + 6*f + 32. Calculate w(-5).
27
Let c(y) = y**2 + 4*y + 40. Determine c(0).
40
Let o(l) = -l**3 - 7*l**2 + l + 16. Calculate o(-7).
9
Let v(x) = -103*x + 1137. Give v(11).
4
Let h(m) = -m**3 + 7*m**2 + 7*m + 8. What is h(8)?
0
Let h(o) = o**2 + 13*o + 13. Calculate h(-13).
13
Let q(j) = -2*j**3 - 41*j**2 + 22*j + 11. Calculate q(-21).
-10
Let g(b) = 6*b - 10. What is g(3)?
8
Let t(c) = 27*c + 462. Give t(-17).
3
Let s(l) = l**2 - 6*l + 7. Determine s(3).
-2
Let t(q) = q**2 - 8*q + 6. Calculate t(8).
6
Let u(w) = 9*w - 26. What is u(-10)?
-116
Let a(p) = -p**2 + 10*p + 28. Give a(12).
4
Let d(t) = -t**3 + 9*t**2 - 9*t + 5. What is d(7)?
40
Let c(s) = s**3 + 3*s**2 + 4*s + 3. Give c(-2).
-1
Let f(t) = t**3 + 5*t**2 + 5*t + 10. Determine f(-3).
13
Let i(u) = u. Determine i(4).
4
Let x(d) = -7*d + 2. Give x(3).
-19
Let c(b) = -36*b - 245. Determine c(-7).
7
Let z(t) = 2*t**2 + 107*t - 166. Calculate z(-55).
-1
Let s(h) = h**3 - 17*h**2 + 17*h - 9. Determine s(16).
7
Let b(l) = -l**2 + l - 3. What is b(2)?
-5
Let n(m) = 2*m**3 + 16*m**2 + 5*m - 10. Determine n(-7).
53
Let t(d) = 3*d**3 - 2*d**2 + 7*d - 5. Calculate t(2).
25
Let w(g) = g**2 + 5*g + 2. Calculate w(-5).
2
Let t(q) = q**2 + 25*q + 12. What is t(-24)?
-12
Let j(l) = 52*l + 677. Determine j(-13).
1
Let y(o) = -o**2 - 19*o + 71. Calculate y(-22).
5
Let z(h) = -h**2 - 4*h + 2. What is z(-5)?
-3
Let j(m) = -m**3 - 4*m**2 - 4*m - 21. Calculate j(-4).
-5
Let a(y) = 4*y**2 + y - 4. What is a(-3)?
29
Let w(q) = q**3 - 4*q**2 - 3. What is w(4)?
-3
Let k(b) = 4*b**2 + 4*b + 5. Determine k(-1).
5
Let z(u) = -u**3 - 4*u**2 - 2*u - 3. What is z(-3)?
-6
Let o(p) = -p**3 + 2*p**2 + 5*p + 2. What is o(4)?
-10
Let v(s) = -s**3 + 20*s**2 + 24*s - 32. Calculate v(21).
31
Let z(v) = -5*v - 53. What is z(-8)?
-13
Let j(c) = -c**2 - 7*c + 1. Give j(-5).
11
Let w(b) = b**3 - 9*b**2 + 9*b + 10. Calculate w(8).
18
Let d(g) = -g**2 - 12. Calculate d(0).
-12
Let w(o) = 2*o**2 - 3*o - 2. Calculate w(-1).
3
Let p(o) = o**2 + 73*o - 149. What is p(2)?
1
Let k(p) = p**3 - 11*p**2 + 15*p + 9. Calculate k(9).
-18
Let h(i) = 51*i + 498. Determine h(-10).
-12
Let b(m) = -17*m - 41. Determine b(9).
-194
Let f(z) = -7*z - 6. Calculate f(-1).
1
Let a(k) = 22*k - 11. Determine a(7).
143
Let a(p) = -105*p**2 + p. Give a(1).
-104
Let q(b) = -b**2 - 5*b + 2. What is q(-6)?
-4
Let p(m) = m**3 - 6*m**2 - 30*m + 2. What is p(9)?
-25
Let o(q) = -5*q - 6. Give o(-6).
24
Let w(r) = -r**3 + 8*r**2 - 3*r - 4. Determine w(5).
56
Let x(s) = -s**2 - 3*s - 12. What is x(0)?
-12
Let l(u) = 139*u - 1395. What is l(10)?
-5
Let t(f) = -f**2 + 13*f + 29. Calculate t(13).
29
Let j(z) = -72*z - 454. Calculate j(-6).
-22
Let m(v) = 2*v**2 - 10*v + 5. Calculate m(7).
33
Let l(k) = -10*k**2 + 9*k + 3. Determine l(2).
-19
Let v(w) = w**2 - 8*w + 7. Determine v(8).
7
Let j(i) = -3*i + 9. Determine j(-8).
33
Let a(o) = -o**3 - 10*o**2 - 12*o - 24. Determine a(-9).
3
Let j(o) = 8*o**3 + 25*o**2 - 5. What is j(-3)?
4
Let s(y) = y**3 - 9*y**2 - 8*y - 13. Determine s(10).
7
Let z(r) = -r**2 - 23*r - 51. Give z(-19).
25
Let q(f) = -2*f + 1. Calculate q(1).
-1
Let u(p) = p**3 - 4*p**2 - 15*p + 14. Determine u(6).
-4
Let a(r) = r**2 + 8*r + 1. What is a(-7)?
-6
Let m(t) = 4*t**2 + 5*t + 2. Give m(6).
176
Let d(l) = -l**2 + 17*l + 34. Determine d(18).
16
Let i(h) = 2*h**2 - 5*h + 4. Calculate i(3).
7
Let d(v) = 2*v. Calculate d(-9).
-18
Let w(s) = s + 9. What is w(-9)?
0
Let m(h) = 7*h - 2. Determine m(1).
5
Let n(o) = o**2 - 6*o - 14. What is n(9)?
13
Let s(c) = -c**2 - 6*c + 61. Determine s(-11).
6
Let z(f) = 8*f**2 + 2*f + 3. What is z(-2)?
31
Let n(t) = -4*t - 9. Determine n(0).
-9
Let t(k) = 5*k - 10. Determine t(7).
25
Let s(c) = c**3 - 3*c**2 - 9*c + 9. Determine s(5).
14
Let z(d) = d**2 + 21*d - 12. Give z(-22).
10
Let v(i) = -4*i**2 + 30*i - 17. What is v(8)?
-33
Let f(n) = -4*n**2 - 11*n + 38. Determine f(-4).
18
Let b(f) = 20*f + 51. Give b(-5).
-49
Let h(v) = v**3 + 17*v**2 + 16*v - 2. What is h(-16)?
-2
Let a(m) = -7*m + 27. Calculate a(0).
27
Let h(o) = 2*o**2 - 13. What is h(-3)?
5
Let a(y) = -y**2 + 2*y + 2. Calculate a(-3).
-13
Let c(s) = -s**3 + 8*s**2 + s - 9. Calculate c(8).
-1
Let q(f) = -4*f - 7. Determine q(-3).
5
Let q(b) = -b**3 - 6*b**2 + b - 6. Give q(-6).
-12
Let k(i) = -i**2 + 42*i - 221. What is k(7)?
24
Let q(l) = l**3 - 16*l**2 + 24*l - 52. Determine q(14).
-108
Let b(k) = -35*k**2 - 2*k + 2. Determine b(1).
-35
Let i(v) = -v**2 - 10*v + 9. Calculate i(-11).
-2
Let u(l) = l**3 + 2*l**2 - 7*l - 9. Give u(-4).
-13
Let v(y) = -y**3 + 2*y**2 + 4*y - 5. What is v(3)?
-2
Let a(c) = c**2 - 18. Give a(0).
-18
Let g(i) = -2*i**2 - 9*i - 14. Give g(-4).
-10
Let v(m) = -2*m - 2. What is v(-2)?
2
Let p(n) = -2*n - 8. What is p(-12)?
16
Let z(r) = r**2 - 6*r - 6. What is z(6)?
-6
Let d(m) = m**3 - 12*m**2 + 7*m + 3. Calculate d(11).
-41
Let j(w) = w**3 - 5*w**2 + 6*w + 6. Give j(6).
78
Let d(s) = -3*s + 17. Give d(11).
-16
Let c(s) = -s**3 + 15*s**2 + s - 10. What is c(15)?
5
Let l(t) = 3*t - 70. Determine l(24).
2
Let p(v) = -v + 6. What is p(28)?
-22
Let b(y) = -y**3 + 6*y**2 - 8*y + 4. Determine b(4).
4
Let o(u) = u - 7. Determine o(13).
6
Let q(i) = -142*i - 11. Calculate q(0).
-11
Let h(v) = -2*v**3 - 11*v**2 + 4*v - 11. What is h(-6)?
1
Let v(q) = q**3 - 22*q**2 + 21*q. Give v(21).
0
Let q(v) = -52*v - 33. Calculate q(-1).
19
Let m(t) = -27*t - 12. Give m(-4).
96
Let u(b) = -b**3 - 17*b**2 - 14*b + 28. Give u(-16).
-4
Let h(b) = -52*b - 258. Calculate h(-5).
2
Let v(x) = -2*x - 6. Give v(-10).
14
Let p(d) = 2*d**2 - 12*d - 69. Calculate p(-4).
11
Let i(j) = j**2 - 12*j - 36. Determine i(15).
9
Let f(m) = -5*m. Determine f(1).
-5
Let m(x) = -x**3 + 10*x**2 - 10*x + 7. Give m(9).
-2
Let a(z) = -z**3 + z**2 + 3*z + 3. Calculate a(3).
-6
Let q(t) = t + 27. Determine q(-5).
22
Let a(i) = -6*i + 9. Determine a(3).
-9
Let h(b) = -b + 8. Determine h(10).
-2
Let n(b) = -b**2 + 11*b - 10. What is n(7)?
18
Let b(d) = -d**2 - 6*d + 8. What is b(-6)?
8
Let z(y) = -41*y + 16. Determine z(3).
-107
Let z(f) = -f**3 + 9*f**2 - 17*f + 7. Determine z(6).
13
Let i(v) = 4*v - 2. Determine i(-2).
-10
Let w(n) = n**3 + 4*n**2 - 3*n - 5. Calculate w(-5).
-15
Let h(t) = -76*t + 3. What is h(1)?
-73
Let g(z) = -2*z - 4. Calculate g(6).
-16
Let u(a) = -4*a + 4. Determine u(11).
-40
Let b(m) = -m**2 - 14*m - 42. Calculate b(-5).
3
Let n(x) = -x**3 - 3*x**2 + 6*x + 5. What is n(-4)?
-3
Let m(z) = -2*z**2 + 56*z - 23. Give m(28).
-23
Let u(j) = -2*j**2 - 28*j - 89. Determine u(-4).
-9
Let t(b) = -18*b**2 - 5*b + 3. What is t(1)?
-20
Let d(q) = -q**3 + 4*q**2 + 4*q + 6. What is d(5)?
1
Let g(q) = 39*q. What is g(-2)?
-78
Let w(t) = 95*t + 861. Calculate w(-9).
6
Let o(j) = -j**3 + 11*j**2 - 12*j - 40. Give o(9).
14
Let m(g) = 2*g - 29. Give m(22).
15
Let t(y) = 40*y - 636. Calculate t(16).
4
Let b(f) = 212*f - 1479. Determine b(7).
5
Let j(y) = -y + 13. Give j(-6).
19
Let o(t) = -t**2 + 3*t + 14. Calculate o(-6).
-40
Let x(o) = -3*o**2 + 3*o + 3. What is x(-1)?
-3
Let m(s) = 2*s - 9. Determine m(-6).
-21
Let f(t) = -t**2 - 15*t + 10. Give f(-15).
10
Let s(b) = -b**3 - 14*b**2 - 15*b - 6. Determine s(-13).
20
Let l(v) = 4*v + 15. Determine l(-11).
-29
Let h(i) = -i**2 - 15*i + 5. What is h(-15)?
5
Let v(t) = -t**2 - t - 4. What is v(-3)?
-10
Let w(i) = 4*i**2 - 3*i - 13. Determine w(-2).
9
Let o(i) = -26*i + 9. Determine o(3).
-69
Let g(k) = k**3 + 9*k**2 + 7*k - 4. What is g(-8)?
4
Let b(l) = -2*l - 46. Give b(-22).
-2
Let k(q) = -58*q - 127. What is k(-2)?
-11
Let l(y) = -y**3 + 2*y**2 + 7*y + 9. Calculate l(4).
5
Let d(v) = v**3 + 